ed by 30?
26
What is the remainder when 2077 is divided by 413?
12
What is the remainder when 24 is divided by 15?
9
What is the remainder when 1886 is divided by 54?
50
Calculate the remainder when 1594 is divided by 11.
10
Calculate the remainder when 32893 is divided by 128.
125
What is the remainder when 182 is divided by 30?
2
What is the remainder when 146 is divided by 15?
11
Calculate the remainder when 3283 is divided by 32.
19
What is the remainder when 25 is divided by 19?
6
What is the remainder when 1392 is divided by 26?
14
What is the remainder when 148 is divided by 97?
51
What is the remainder when 643 is divided by 72?
67
Calculate the remainder when 348 is divided by 50.
48
Calculate the remainder when 206 is divided by 101.
4
Calculate the remainder when 891 is divided by 19.
17
Calculate the remainder when 1031 is divided by 282.
185
What is the remainder when 413 is divided by 34?
5
What is the remainder when 338 is divided by 164?
10
Calculate the remainder when 223 is divided by 9.
7
Calculate the remainder when 41 is divided by 27.
14
What is the remainder when 388 is divided by 15?
13
What is the remainder when 567 is divided by 82?
75
Calculate the remainder when 501 is divided by 24.
21
What is the remainder when 14848 is divided by 71?
9
Calculate the remainder when 377 is divided by 120.
17
Calculate the remainder when 19589 is divided by 8.
5
Calculate the remainder when 79 is divided by 69.
10
Calculate the remainder when 166 is divided by 42.
40
What is the remainder when 397 is divided by 25?
22
Calculate the remainder when 10803 is divided by 46.
39
Calculate the remainder when 1417 is divided by 37.
11
What is the remainder when 226 is divided by 12?
10
What is the remainder when 153 is divided by 12?
9
What is the remainder when 499 is divided by 163?
10
Calculate the remainder when 293 is divided by 76.
65
Calculate the remainder when 2938 is divided by 12.
10
What is the remainder when 432 is divided by 424?
8
Calculate the remainder when 334 is divided by 60.
34
What is the remainder when 63 is divided by 32?
31
Calculate the remainder when 2583 is divided by 1287.
9
What is the remainder when 171 is divided by 22?
17
What is the remainder when 16 is divided by 9?
7
Calculate the remainder when 61 is divided by 11.
6
What is the remainder when 283 is divided by 36?
31
What is the remainder when 197 is divided by 18?
17
What is the remainder when 892 is divided by 149?
147
Calculate the remainder when 434 is divided by 61.
7
What is the remainder when 15557 is divided by 5?
2
Calculate the remainder when 3655 is divided by 16.
7
Calculate the remainder when 6378 is divided by 220.
218
Calculate the remainder when 4889 is divided by 73.
71
Calculate the remainder when 100 is divided by 60.
40
What is the remainder when 500 is divided by 91?
45
What is the remainder when 370 is divided by 91?
6
What is the remainder when 18 is divided by 11?
7
What is the remainder when 217 is divided by 72?
1
Calculate the remainder when 103 is divided by 83.
20
Calculate the remainder when 560 is divided by 354.
206
What is the remainder when 11053 is divided by 67?
65
Calculate the remainder when 301 is divided by 61.
57
Calculate the remainder when 163 is divided by 55.
53
What is the remainder when 77 is divided by 42?
35
What is the remainder when 172 is divided by 88?
84
What is the remainder when 532 is divided by 286?
246
What is the remainder when 148 is divided by 77?
71
Calculate the remainder when 119 is divided by 13.
2
What is the remainder when 208 is divided by 160?
48
What is the remainder when 171 is divided by 12?
3
Calculate the remainder when 526 is divided by 175.
1
What is the remainder when 3618 is divided by 20?
18
What is the remainder when 615 is divided by 602?
13
Calculate the remainder when 885 is divided by 87.
15
What is the remainder when 1357 is divided by 31?
24
What is the remainder when 160 is divided by 70?
20
What is the remainder when 482 is divided by 35?
27
Calculate the remainder when 895 is divided by 110.
15
What is the remainder when 130 is divided by 120?
10
What is the remainder when 794 is divided by 131?
8
What is the remainder when 785 is divided by 159?
149
What is the remainder when 7356 is divided by 23?
19
What is the remainder when 61 is divided by 22?
17
Calculate the remainder when 1590 is divided by 59.
56
What is the remainder when 29 is divided by 14?
1
What is the remainder when 480 is divided by 214?
52
What is the remainder when 679 is divided by 11?
8
What is the remainder when 136 is divided by 39?
19
Calculate the remainder when 694 is divided by 157.
66
What is the remainder when 40492 is divided by 13?
10
Calculate the remainder when 130 is divided by 76.
54
What is the remainder when 261 is divided by 38?
33
Calculate the remainder when 228 is divided by 10.
8
What is the remainder when 602 is divided by 197?
11
Calculate the remainder when 2624 is divided by 75.
74
What is the remainder when 637 is divided by 92?
85
What is the remainder when 107 is divided by 29?
20
Calculate the remainder when 490 is divided by 50.
40
Calculate the remainder when 131 is divided by 66.
65
What is the remainder when 562 is divided by 12?
10
Calculate the remainder when 672 is divided by 56.
0
Calculate the remainder when 2049 is divided by 4.
1
What is the remainder when 134 is divided by 29?
18
What is the remainder when 276 is divided by 62?
28
Calculate the remainder when 181 is divided by 43.
9
Calculate the remainder when 36148 is divided by 25.
23
What is the remainder when 991 is divided by 31?
30
Calculate the remainder when 947 is divided by 50.
47
What is the remainder when 94 is divided by 53?
41
What is the remainder when 311 is divided by 63?
59
What is the remainder when 669 is divided by 16?
13
What is the remainder when 937 is divided by 460?
17
Calculate the remainder when 1526 is divided by 49.
7
Calculate the remainder when 8931 is divided by 308.
307
Calculate the remainder when 294 is divided by 28.
14
What is the remainder when 3199 is divided by 200?
199
What is the remainder when 891 is divided by 371?
149
What is the remainder when 195 is divided by 28?
27
Calculate the remainder when 51 is divided by 40.
11
What is the remainder when 31 is divided by 11?
9
Calculate the remainder when 12778 is divided by 14.
10
What is the remainder when 165 is divided by 21?
18
What is the remainder when 270 is divided by 13?
10
Calculate the remainder when 527 is divided by 63.
23
What is the remainder when 735 is divided by 18?
15
Calculate the remainder when 234 is divided by 59.
57
What is the remainder when 714 is divided by 38?
30
Calculate the remainder when 223 is divided by 76.
71
Calculate the remainder when 349 is divided by 15.
4
Calculate the remainder when 424 is divided by 134.
22
What is the remainder when 17 is divided by 11?
6
What is the remainder when 634 is divided by 12?
10
What is the remainder when 24 is divided by 11?
2
Calculate the remainder when 7062 is divided by 882.
6
Calculate the remainder when 203 is divided by 52.
47
What is the remainder when 5291 is divided by 96?
11
Calculate the remainder when 6426 is divided by 16.
10
What is the remainder when 156 is divided by 137?
19
What is the remainder when 4282 is divided by 21?
19
Calculate the remainder when 10228 is divided by 330.
328
Calculate the remainder when 1905 is divided by 106.
103
Calculate the remainder when 144 is divided by 102.
42
What is the remainder when 4009 is divided by 31?
10
Calculate the remainder when 178 is divided by 5.
3
Calculate the remainder when 192 is divided by 36.
12
Calculate the remainder when 1074 is divided by 369.
336
What is the remainder when 2861 is divided by 27?
26
What is the remainder when 32910 is divided by 53?
50
Calculate the remainder when 153 is divided by 141.
12
Calculate the remainder when 175 is divided by 10.
5
Calculate the remainder when 8241 is divided by 65.
51
Calculate the remainder when 123 is divided by 14.
11
Calculate the remainder when 596 is divided by 123.
104
What is the remainder when 2011 is divided by 168?
163
Calculate the remainder when 706 is divided by 27.
4
What is the remainder when 13310 is d